CRAN Package Check Results for Package HistData

Last updated on 2021-05-12 07:48:26 CEST.

Flavor Version Tinstall Tcheck Ttotal Status Flags
r-devel-linux-x86_64-debian-clang 0.8-7 2.73 50.78 53.51 OK
r-devel-linux-x86_64-debian-gcc 0.8-7 1.94 38.98 40.92 OK
r-devel-linux-x86_64-fedora-clang 0.8-7 72.37 NOTE
r-devel-linux-x86_64-fedora-gcc 0.8-7 65.88 OK
r-devel-windows-ix86+x86_64 0.8-7 5.00 80.00 85.00 OK
r-devel-windows-x86_64-gcc10-UCRT 0.8-7 OK
r-patched-linux-x86_64 0.8-7 3.46 48.99 52.45 OK
r-patched-solaris-x86 0.8-7 88.50 OK
r-release-linux-x86_64 0.8-7 2.89 48.65 51.54 OK
r-release-macos-x86_64 0.8-7 OK
r-release-windows-ix86+x86_64 0.8-7 6.00 62.00 68.00 OK
r-oldrel-macos-x86_64 0.8-7 OK
r-oldrel-windows-ix86+x86_64 0.8-7 9.00 79.00 88.00 OK

Check Details

Version: 0.8-7
Check: Rd cross-references
Result: NOTE
    Undeclared packages ‘Guerry’, ‘alr4’, ‘agridat’, ‘coin’ in Rd xrefs
Flavor: r-devel-linux-x86_64-fedora-clang