CRAN Package Check Results for Package HURDAT

Last updated on 2021-06-15 08:49:57 CEST.

Flavor Version Tinstall Tcheck Ttotal Status Flags
r-devel-linux-x86_64-debian-clang 0.2.3.2 2.87 42.18 45.05 OK
r-devel-linux-x86_64-debian-gcc 0.2.3.2 2.88 33.22 36.10 OK
r-devel-linux-x86_64-fedora-clang 0.2.3.2 62.73 NOTE
r-devel-linux-x86_64-fedora-gcc 0.2.3.2 54.33 NOTE
r-devel-windows-x86_64 0.2.3.2 6.00 66.00 72.00 OK
r-devel-windows-x86_64-gcc10-UCRT 0.2.3.2 NOTE
r-patched-linux-x86_64 0.2.3.2 2.79 40.96 43.75 OK
r-patched-solaris-x86 0.2.3.2 90.60 NOTE
r-release-linux-x86_64 0.2.3.2 2.52 40.79 43.31 OK
r-release-macos-arm64 0.2.3.2 NOTE
r-release-macos-x86_64 0.2.3.2 NOTE
r-release-windows-ix86+x86_64 0.2.3.2 8.00 69.00 77.00 OK
r-oldrel-macos-x86_64 0.2.3.2 NOTE
r-oldrel-windows-ix86+x86_64 0.2.3.2 8.00 75.00 83.00 OK

Check Details

Version: 0.2.3.2
Check: dependencies in R code
Result: NOTE
    Namespaces in Imports field not imported from:
     ‘rvest’ ‘xml2’
     All declared Imports should be used.
Flavors: r-devel-linux-x86_64-fedora-clang, r-devel-linux-x86_64-fedora-gcc, r-devel-windows-x86_64-gcc10-UCRT, r-patched-solaris-x86, r-release-macos-arm64, r-release-macos-x86_64, r-oldrel-macos-x86_64