CRAN Package Check Results for Package HSAR

Last updated on 2021-08-05 07:49:29 CEST.

Flavor Version Tinstall Tcheck Ttotal Status Flags
r-devel-linux-x86_64-debian-clang 0.5.1 163.19 200.86 364.05 OK
r-devel-linux-x86_64-debian-gcc 0.5.1 108.25 151.22 259.47 OK
r-devel-linux-x86_64-fedora-clang 0.5.1 474.42 NOTE
r-devel-linux-x86_64-fedora-gcc 0.5.1 441.71 OK
r-devel-windows-x86_64 0.5.1 186.00 247.00 433.00 OK
r-devel-windows-x86_64-gcc10-UCRT 0.5.1 ERROR
r-patched-linux-x86_64 0.5.1 129.39 188.28 317.67 OK
r-patched-solaris-x86 0.5.1 559.50 OK
r-release-linux-x86_64 0.5.1 121.49 189.81 311.30 OK
r-release-macos-arm64 0.5.1 NOTE
r-release-macos-x86_64 0.5.1 NOTE
r-release-windows-ix86+x86_64 0.5.1 359.00 299.00 658.00 OK
r-oldrel-macos-x86_64 0.5.1 NOTE
r-oldrel-windows-ix86+x86_64 0.5.1 311.00 307.00 618.00 OK

Check Details

Version: 0.5.1
Check: installed package size
Result: NOTE
     installed size is 9.6Mb
     sub-directories of 1Mb or more:
     libs 9.1Mb
Flavors: r-devel-linux-x86_64-fedora-clang, r-release-macos-arm64, r-release-macos-x86_64, r-oldrel-macos-x86_64

Version: 0.5.1
Check: package dependencies
Result: ERROR
    Packages required but not available: 'spdep', 'spatialreg'
    
    Packages suggested but not available for checking: 'sf', 'tidyverse'
    
    See section 'The DESCRIPTION file' in the 'Writing R Extensions'
    manual.
Flavor: r-devel-windows-x86_64-gcc10-UCRT