CRAN Package Check Results for Package HRW

Last updated on 2021-10-25 07:50:19 CEST.

Flavor Version Tinstall Tcheck Ttotal Status Flags
r-devel-linux-x86_64-debian-clang 1.0-4 17.76 52.67 70.43 OK
r-devel-linux-x86_64-debian-gcc 1.0-4 15.38 42.48 57.86 OK
r-devel-linux-x86_64-fedora-clang 1.0-4 97.57 NOTE
r-devel-linux-x86_64-fedora-gcc 1.0-4 85.26 OK
r-devel-windows-x86_64 1.0-4 24.00 60.00 84.00 NOTE
r-devel-windows-x86_64-gcc10-UCRT 1.0-4 OK
r-patched-linux-x86_64 1.0-4 17.01 50.37 67.38 OK
r-patched-solaris-x86 1.0-4 138.30 NOTE
r-release-linux-x86_64 1.0-4 15.78 50.54 66.32 OK
r-release-macos-arm64 1.0-4 NOTE
r-release-macos-x86_64 1.0-4 NOTE
r-release-windows-ix86+x86_64 1.0-4 21.00 75.00 96.00 NOTE
r-oldrel-macos-x86_64 1.0-4 NOTE
r-oldrel-windows-ix86+x86_64 1.0-4 26.00 78.00 104.00 NOTE

Check Details

Version: 1.0-4
Check: installed package size
Result: NOTE
     installed size is 7.6Mb
     sub-directories of 1Mb or more:
     data 7.1Mb
Flavors: r-devel-linux-x86_64-fedora-clang, r-devel-windows-x86_64, r-patched-solaris-x86, r-release-macos-arm64, r-release-macos-x86_64, r-release-windows-ix86+x86_64, r-oldrel-macos-x86_64, r-oldrel-windows-ix86+x86_64