CRAN Package Check Results for Package HRM

Last updated on 2021-10-18 07:49:44 CEST.

Flavor Version Tinstall Tcheck Ttotal Status Flags
r-devel-linux-x86_64-debian-clang 1.2.1 38.86 233.07 271.93 OK
r-devel-linux-x86_64-debian-gcc 1.2.1 30.21 185.24 215.45 OK
r-devel-linux-x86_64-fedora-clang 1.2.1 330.56 NOTE
r-devel-linux-x86_64-fedora-gcc 1.2.1 317.31 OK
r-devel-windows-x86_64 1.2.1 51.00 236.00 287.00 OK
r-devel-windows-x86_64-gcc10-UCRT 1.2.1 NOTE
r-patched-linux-x86_64 1.2.1 37.93 218.12 256.05 OK
r-patched-solaris-x86 1.2.1 412.30 OK
r-release-linux-x86_64 1.2.1 37.10 217.70 254.80 OK
r-release-macos-arm64 1.2.1 NOTE
r-release-macos-x86_64 1.2.1 OK
r-release-windows-ix86+x86_64 1.2.1 83.00 381.00 464.00 OK
r-oldrel-macos-x86_64 1.2.1 OK
r-oldrel-windows-ix86+x86_64 1.2.1 84.00 352.00 436.00 OK

Check Details

Version: 1.2.1
Check: package dependencies
Result: NOTE
    Suggests orphaned packages:
     ‘RGtk2’ ‘cairoDevice’
Flavor: r-devel-linux-x86_64-fedora-clang

Version: 1.2.1
Check: package dependencies
Result: NOTE
    Packages suggested but not available for checking: 'RGtk2', 'cairoDevice'
Flavors: r-devel-windows-x86_64-gcc10-UCRT, r-release-macos-arm64