CRAN Package Check Results for Package HLMdiag

Last updated on 2021-10-27 07:56:09 CEST.

Flavor Version Tinstall Tcheck Ttotal Status Flags
r-devel-linux-x86_64-debian-clang 0.5.0 92.50 265.69 358.19 OK
r-devel-linux-x86_64-debian-gcc 0.5.0 75.09 201.29 276.38 OK
r-devel-linux-x86_64-fedora-clang 0.5.0 482.20 OK
r-devel-linux-x86_64-fedora-gcc 0.5.0 448.13 OK
r-devel-windows-x86_64 0.5.0 136.00 337.00 473.00 OK
r-devel-windows-x86_64-gcc10-UCRT 0.5.0 OK
r-patched-linux-x86_64 0.5.0 87.87 258.11 345.98 OK
r-patched-solaris-x86 0.5.0 569.90 OK
r-release-linux-x86_64 0.5.0 82.81 256.10 338.91 OK
r-release-macos-arm64 0.5.0 OK
r-release-macos-x86_64 0.5.0 OK
r-release-windows-ix86+x86_64 0.5.0 185.00 508.00 693.00 OK
r-oldrel-macos-x86_64 0.5.0 OK
r-oldrel-windows-ix86+x86_64 0.5.0 102.00 9.00 111.00 ERROR

Check Details

Version: 0.5.0
Check: whether package can be installed
Result: ERROR
    Installation failed.
Flavor: r-oldrel-windows-ix86+x86_64