CRAN Package Check Results for Package HDiR

Last updated on 2021-05-08 07:48:09 CEST.

Flavor Version Tinstall Tcheck Ttotal Status Flags
r-devel-linux-x86_64-debian-clang 1.1.1 10.66 112.96 123.62 OK
r-devel-linux-x86_64-debian-gcc 1.1.1 8.66 84.84 93.50 OK
r-devel-linux-x86_64-fedora-clang 1.1.1 165.02 OK
r-devel-linux-x86_64-fedora-gcc 1.1.1 146.81 OK
r-devel-windows-ix86+x86_64 1.1.1 29.00 130.00 159.00 OK
r-devel-windows-x86_64-gcc10-UCRT 1.1.1 OK
r-patched-linux-x86_64 1.1.1 11.28 107.34 118.62 OK
r-patched-solaris-x86 1.1.1 219.90 OK
r-release-linux-x86_64 1.1.1 10.60 106.58 117.18 OK
r-release-macos-x86_64 1.1.1 OK
r-release-windows-ix86+x86_64 1.1.1 22.00 99.00 121.00 OK
r-oldrel-macos-x86_64 1.1.1 WARN
r-oldrel-windows-ix86+x86_64 1.1.1 23.00 122.00 145.00 OK

Check Details

Version: 1.1.1
Check: whether package can be installed
Result: WARN
    Found the following significant warnings:
     Warning: 'rgl.init' failed, running with 'rgl.useNULL = TRUE'.
Flavor: r-oldrel-macos-x86_64