CRAN Package Check Results for Package GreedyEPL

Last updated on 2021-07-24 07:49:26 CEST.

Flavor Version Tinstall Tcheck Ttotal Status Flags
r-devel-linux-x86_64-debian-clang 1.1 107.40 26.66 134.06 OK
r-devel-linux-x86_64-debian-gcc 1.1 66.60 20.71 87.31 OK
r-devel-linux-x86_64-fedora-clang 1.1 197.86 WARN
r-devel-linux-x86_64-fedora-gcc 1.1 167.53 OK
r-devel-windows-x86_64 1.1 100.00 48.00 148.00 OK
r-devel-windows-x86_64-gcc10-UCRT 1.1 OK
r-patched-linux-x86_64 1.1 91.41 25.22 116.63 OK
r-patched-solaris-x86 1.1 163.40 OK
r-release-linux-x86_64 1.1 85.86 25.53 111.39 OK
r-release-macos-arm64 1.1 WARN
r-release-macos-x86_64 1.1 OK
r-release-windows-ix86+x86_64 1.1 262.00 71.00 333.00 OK
r-oldrel-macos-x86_64 1.1 OK
r-oldrel-windows-ix86+x86_64 1.1 252.00 68.00 320.00 OK

Check Details

Version: 1.1
Check: whether package can be installed
Result: WARN
    Found the following significant warnings:
     core_minimise_epl.cpp:14:8: warning: 'random_shuffle<double *, int (&)(int)>' is deprecated [-Wdeprecated-declarations]
Flavors: r-devel-linux-x86_64-fedora-clang, r-release-macos-arm64