CRAN Package Check Results for Package GillespieSSA2

Last updated on 2021-06-23 07:50:18 CEST.

Flavor Version Tinstall Tcheck Ttotal Status Flags
r-devel-linux-x86_64-debian-clang 0.2.8 90.63 612.79 703.42 OK
r-devel-linux-x86_64-debian-gcc 0.2.8 54.23 361.06 415.29 OK
r-devel-linux-x86_64-fedora-clang 0.2.8 837.19 NOTE
r-devel-linux-x86_64-fedora-gcc 0.2.8 740.08 OK
r-devel-windows-x86_64 0.2.8 101.00 586.00 687.00 OK
r-devel-windows-x86_64-gcc10-UCRT 0.2.8 NOTE
r-patched-linux-x86_64 0.2.8 67.05 486.04 553.09 OK
r-patched-solaris-x86 0.2.8 1172.00 OK
r-release-linux-x86_64 0.2.8 50.79 489.98 540.77 OK
r-release-macos-arm64 0.2.8 NOTE
r-release-macos-x86_64 0.2.8 NOTE
r-release-windows-ix86+x86_64 0.2.8 139.00 547.00 686.00 OK
r-oldrel-macos-x86_64 0.2.8 NOTE

Check Details

Version: 0.2.8
Check: installed package size
Result: NOTE
     installed size is 5.2Mb
     sub-directories of 1Mb or more:
     doc 1.6Mb
     libs 3.0Mb
Flavors: r-devel-linux-x86_64-fedora-clang, r-release-macos-arm64, r-release-macos-x86_64, r-oldrel-macos-x86_64

Version: 0.2.8
Check: package dependencies
Result: NOTE
    Package suggested but not available for checking: 'covr'
Flavor: r-devel-windows-x86_64-gcc10-UCRT