CRAN Package Check Results for Package GetBCBData

Last updated on 2022-01-26 07:52:45 CET.

Flavor Version Tinstall Tcheck Ttotal Status Flags
r-devel-linux-x86_64-debian-clang 0.6 1.95 34.39 36.34 NOTE
r-devel-linux-x86_64-debian-gcc 0.6 1.50 26.91 28.41 NOTE
r-devel-linux-x86_64-fedora-clang 0.6 45.05 NOTE
r-devel-linux-x86_64-fedora-gcc 0.6 34.41 NOTE
r-devel-windows-x86_64-new-UL 0.6 26.00 80.00 106.00 NOTE
r-devel-windows-x86_64-new-TK 0.6 NOTE
r-patched-linux-x86_64 0.6 2.10 32.98 35.08 NOTE
r-release-linux-x86_64 0.6 1.46 32.83 34.29 NOTE
r-release-macos-arm64 0.6 NOTE
r-release-macos-x86_64 0.6 NOTE
r-release-windows-ix86+x86_64 0.6 6.00 49.00 55.00 NOTE
r-oldrel-macos-x86_64 0.6 NOTE
r-oldrel-windows-ix86+x86_64 0.6 6.00 54.00 60.00 OK

Check Details

Version: 0.6
Check: LazyData
Result: NOTE
     'LazyData' is specified without a 'data' directory
Flavors: r-devel-linux-x86_64-debian-clang, r-devel-linux-x86_64-debian-gcc, r-devel-linux-x86_64-fedora-clang, r-devel-linux-x86_64-fedora-gcc, r-devel-windows-x86_64-new-UL, r-devel-windows-x86_64-new-TK, r-patched-linux-x86_64, r-release-linux-x86_64, r-release-macos-arm64, r-release-macos-x86_64, r-release-windows-ix86+x86_64

Version: 0.6
Check: dependencies in R code
Result: NOTE
    Namespaces in Imports field not imported from:
     ‘RCurl’ ‘lubridate’ ‘readr’ ‘stats’
     All declared Imports should be used.
Flavors: r-devel-linux-x86_64-fedora-clang, r-devel-linux-x86_64-fedora-gcc, r-devel-windows-x86_64-new-TK, r-release-macos-arm64, r-release-macos-x86_64, r-oldrel-macos-x86_64