CRAN Package Check Results for Package GenomicTools

Last updated on 2021-07-27 07:50:24 CEST.

Flavor Version Tinstall Tcheck Ttotal Status Flags
r-devel-linux-x86_64-debian-clang 0.2.9.7 47.12 122.19 169.31 OK
r-devel-linux-x86_64-debian-gcc 0.2.9.7 33.39 90.83 124.22 OK
r-devel-linux-x86_64-fedora-clang 0.2.9.7 225.96 OK
r-devel-linux-x86_64-fedora-gcc 0.2.9.7 210.27 OK
r-devel-windows-x86_64 0.2.9.7 65.00 163.00 228.00 OK
r-devel-windows-x86_64-gcc10-UCRT 0.2.9.7 OK
r-patched-linux-x86_64 0.2.9.7 42.05 116.15 158.20 OK
r-patched-solaris-x86 0.2.9.7 252.80 OK
r-release-linux-x86_64 0.2.9.7 38.50 116.28 154.78 OK
r-release-macos-arm64 0.2.9.7 ERROR
r-release-macos-x86_64 0.2.9.7 OK
r-release-windows-ix86+x86_64 0.2.9.7 113.00 201.00 314.00 OK
r-oldrel-macos-x86_64 0.2.9.7 OK
r-oldrel-windows-ix86+x86_64 0.2.9.7 84.00 207.00 291.00 OK

Check Details

Version: 0.2.9.7
Check: package dependencies
Result: ERROR
    Packages required but not available: 'GenomicTools.fileHandler', 'snpStats'
    
    See section ‘The DESCRIPTION file’ in the ‘Writing R Extensions’
    manual.
Flavor: r-release-macos-arm64