CRAN Package Check Results for Package GenHMM1d

Last updated on 2021-05-05 07:48:59 CEST.

Flavor Version Tinstall Tcheck Ttotal Status Flags
r-devel-linux-x86_64-debian-clang 0.1.0 19.05 108.28 127.33 NOTE
r-devel-linux-x86_64-debian-gcc 0.1.0 14.73 76.24 90.97 NOTE
r-devel-linux-x86_64-fedora-clang 0.1.0 162.91 NOTE
r-devel-linux-x86_64-fedora-gcc 0.1.0 150.55 NOTE
r-devel-windows-ix86+x86_64 0.1.0 35.00 120.00 155.00 NOTE
r-devel-windows-x86_64-gcc10-UCRT 0.1.0 NOTE
r-patched-linux-x86_64 0.1.0 16.69 102.43 119.12 NOTE
r-patched-solaris-x86 0.1.0 183.40 OK
r-release-linux-x86_64 0.1.0 15.22 94.61 109.83 OK
r-release-macos-x86_64 0.1.0 OK
r-release-windows-ix86+x86_64 0.1.0 28.00 84.00 112.00 OK
r-oldrel-macos-x86_64 0.1.0 OK
r-oldrel-windows-ix86+x86_64 0.1.0 30.00 112.00 142.00 OK

Check Details

Version: 0.1.0
Check: LazyData
Result: NOTE
     'LazyData' is specified without a 'data' directory
Flavors: r-devel-linux-x86_64-debian-clang, r-devel-linux-x86_64-debian-gcc, r-devel-linux-x86_64-fedora-clang, r-devel-linux-x86_64-fedora-gcc, r-devel-windows-ix86+x86_64, r-devel-windows-x86_64-gcc10-UCRT, r-patched-linux-x86_64