CRAN Package Check Results for Package GenEst

Last updated on 2021-07-31 07:50:41 CEST.

Flavor Version Tinstall Tcheck Ttotal Status Flags
r-devel-linux-x86_64-debian-clang 1.4.6 39.98 246.52 286.50 OK
r-devel-linux-x86_64-debian-gcc 1.4.6 28.48 183.00 211.48 OK
r-devel-linux-x86_64-fedora-clang 1.4.6 355.05 NOTE
r-devel-linux-x86_64-fedora-gcc 1.4.6 337.05 NOTE
r-devel-windows-x86_64 1.4.6 44.00 316.00 360.00 OK
r-devel-windows-x86_64-gcc10-UCRT 1.4.6 NOTE
r-patched-linux-x86_64 1.4.6 OK
r-patched-solaris-x86 1.4.6 425.90 NOTE
r-release-linux-x86_64 1.4.6 34.60 237.85 272.45 OK
r-release-macos-arm64 1.4.6 NOTE
r-release-macos-x86_64 1.4.6 NOTE
r-release-windows-ix86+x86_64 1.4.6 83.00 354.00 437.00 OK
r-oldrel-macos-x86_64 1.4.6 NOTE
r-oldrel-windows-ix86+x86_64 1.4.6 59.00 364.00 423.00 OK

Check Details

Version: 1.4.6
Check: dependencies in R code
Result: NOTE
    Namespace in Imports field not imported from: ‘htmlwidgets’
     All declared Imports should be used.
Flavors: r-devel-linux-x86_64-fedora-clang, r-devel-linux-x86_64-fedora-gcc, r-devel-windows-x86_64-gcc10-UCRT, r-patched-solaris-x86, r-release-macos-arm64, r-release-macos-x86_64, r-oldrel-macos-x86_64