CRAN Package Check Results for Package GSE

Last updated on 2021-09-26 07:50:08 CEST.

Flavor Version Tinstall Tcheck Ttotal Status Flags
r-devel-linux-x86_64-debian-clang 4.2 93.10 78.26 171.36 OK
r-devel-linux-x86_64-debian-gcc 4.2 66.79 58.75 125.54 OK
r-devel-linux-x86_64-fedora-clang 4.2 244.72 NOTE
r-devel-linux-x86_64-fedora-gcc 4.2 214.45 OK
r-devel-windows-x86_64 4.2 86.00 83.00 169.00 OK
r-devel-windows-x86_64-gcc10-UCRT 4.2 OK
r-patched-linux-x86_64 4.2 76.40 73.12 149.52 OK
r-patched-solaris-x86 4.2 236.40 OK
r-release-linux-x86_64 4.2 75.29 74.40 149.69 OK
r-release-macos-arm64 4.2 NOTE
r-release-macos-x86_64 4.2 OK
r-release-windows-ix86+x86_64 4.2 220.00 139.00 359.00 OK
r-oldrel-macos-x86_64 4.2 OK
r-oldrel-windows-ix86+x86_64 4.2 159.00 105.00 264.00 OK

Check Details

Version: 4.2
Check: installed package size
Result: NOTE
     installed size is 5.3Mb
     sub-directories of 1Mb or more:
     libs 4.8Mb
Flavors: r-devel-linux-x86_64-fedora-clang, r-release-macos-arm64