CRAN Package Check Results for Package GRANBase

Last updated on 2021-10-18 07:49:43 CEST.

Flavor Version Tinstall Tcheck Ttotal Status Flags
r-devel-linux-x86_64-debian-clang 2.6.20 10.42 83.52 93.94 OK
r-devel-linux-x86_64-debian-gcc 2.6.20 8.64 61.76 70.40 OK
r-devel-linux-x86_64-fedora-clang 2.6.20 123.30 OK
r-devel-linux-x86_64-fedora-gcc 2.6.20 107.03 OK
r-devel-windows-x86_64 2.6.20 17.00 107.00 124.00 OK
r-devel-windows-x86_64-gcc10-UCRT 0.10.0 OK
r-patched-linux-x86_64 2.6.20 13.98 197.82 211.80 OK
r-patched-solaris-x86 2.6.20 167.00 OK
r-release-linux-x86_64 2.6.20 10.25 192.61 202.86 OK
r-release-macos-arm64 2.6.20 NOTE
r-release-macos-x86_64 2.6.20 OK
r-release-windows-ix86+x86_64 2.6.20 17.00 197.00 214.00 OK
r-oldrel-macos-x86_64 2.6.20 OK
r-oldrel-windows-ix86+x86_64 2.6.20 25.00 213.00 238.00 OK

Check Details

Version: 2.6.20
Check: package dependencies
Result: NOTE
    Package suggested but not available for checking: ‘hexSticker’
Flavor: r-release-macos-arm64