CRAN Package Check Results for Package GPvecchia

Last updated on 2021-08-05 07:49:28 CEST.

Flavor Version Tinstall Tcheck Ttotal Status Flags
r-devel-linux-x86_64-debian-clang 0.1.3 149.03 71.55 220.58 OK
r-devel-linux-x86_64-debian-gcc 0.1.3 89.23 47.04 136.27 OK
r-devel-linux-x86_64-fedora-clang 0.1.3 306.59 NOTE
r-devel-linux-x86_64-fedora-gcc 0.1.3 260.82 OK
r-devel-windows-x86_64 0.1.3 173.00 93.00 266.00 OK
r-devel-windows-x86_64-gcc10-UCRT 0.1.3 ERROR
r-patched-linux-x86_64 0.1.3 110.86 59.85 170.71 OK
r-patched-solaris-x86 0.1.3 278.80 OK
r-release-linux-x86_64 0.1.3 104.97 60.86 165.83 OK
r-release-macos-arm64 0.1.3 NOTE
r-release-macos-x86_64 0.1.3 NOTE
r-release-windows-ix86+x86_64 0.1.3 330.00 116.00 446.00 OK
r-oldrel-macos-x86_64 0.1.3 NOTE
r-oldrel-windows-ix86+x86_64 0.1.3 327.00 115.00 442.00 OK

Check Details

Version: 0.1.3
Check: installed package size
Result: NOTE
     installed size is 5.4Mb
     sub-directories of 1Mb or more:
     libs 4.9Mb
Flavors: r-devel-linux-x86_64-fedora-clang, r-release-macos-arm64, r-release-macos-x86_64, r-oldrel-macos-x86_64

Version: 0.1.3
Check: package dependencies
Result: ERROR
    Package required but not available: 'fields'
    
    Package suggested but not available for checking: 'testthat'
    
    See section 'The DESCRIPTION file' in the 'Writing R Extensions'
    manual.
Flavor: r-devel-windows-x86_64-gcc10-UCRT