CRAN Package Check Results for Package GPCMlasso

Last updated on 2021-07-27 07:50:26 CEST.

Flavor Version Tinstall Tcheck Ttotal Status Flags
r-devel-linux-x86_64-debian-clang 0.1-5 57.87 199.63 257.50 OK
r-devel-linux-x86_64-debian-gcc 0.1-5 40.15 136.66 176.81 OK
r-devel-linux-x86_64-fedora-clang 0.1-5 336.80 OK
r-devel-linux-x86_64-fedora-gcc 0.1-5 292.05 OK
r-devel-windows-x86_64 0.1-5 73.00 212.00 285.00 OK
r-devel-windows-x86_64-gcc10-UCRT 0.1-5 OK
r-patched-linux-x86_64 0.1-5 51.81 174.61 226.42 OK
r-patched-solaris-x86 0.1-5 606.50 OK
r-release-linux-x86_64 0.1-5 48.47 176.79 225.26 OK
r-release-macos-arm64 0.1-5 NOTE
r-release-macos-x86_64 0.1-5 OK
r-release-windows-ix86+x86_64 0.1-5 131.00 294.00 425.00 OK
r-oldrel-macos-x86_64 0.1-5 OK
r-oldrel-windows-ix86+x86_64 0.1-5 98.00 303.00 401.00 OK

Check Details

Version: 0.1-5
Check: installed package size
Result: NOTE
     installed size is 5.2Mb
     sub-directories of 1Mb or more:
     libs 5.0Mb
Flavor: r-release-macos-arm64