CRAN Package Check Results for Package GMDH2

Last updated on 2021-10-21 07:49:56 CEST.

Flavor Version Tinstall Tcheck Ttotal Status Flags
r-devel-linux-x86_64-debian-clang 1.6 13.23 105.37 118.60 OK
r-devel-linux-x86_64-debian-gcc 1.6 10.02 78.78 88.80 OK
r-devel-linux-x86_64-fedora-clang 1.6 149.82 NOTE
r-devel-linux-x86_64-fedora-gcc 1.6 135.72 OK
r-devel-windows-x86_64 1.6 21.00 130.00 151.00 OK
r-devel-windows-x86_64-gcc10-UCRT 1.6 OK
r-patched-linux-x86_64 1.6 12.58 98.84 111.42 OK
r-patched-solaris-x86 1.6 197.10 OK
r-release-linux-x86_64 1.6 11.34 98.06 109.40 OK
r-release-macos-arm64 1.6 OK
r-release-macos-x86_64 1.6 OK
r-release-windows-ix86+x86_64 1.6 19.00 127.00 146.00 OK
r-oldrel-macos-x86_64 1.6 OK
r-oldrel-windows-ix86+x86_64 1.6 28.00 131.00 159.00 OK

Check Details

Version: 1.6
Check: Rd cross-references
Result: NOTE
    Undeclared package ‘caret’ in Rd xrefs
Flavor: r-devel-linux-x86_64-fedora-clang