CRAN Package Check Results for Package GLMaSPU

Last updated on 2021-08-04 07:49:35 CEST.

Flavor Version Tinstall Tcheck Ttotal Status Flags
r-devel-linux-x86_64-debian-clang 1.0 35.67 32.39 68.06 OK
r-devel-linux-x86_64-debian-gcc 1.0 20.24 25.84 46.08 OK
r-devel-linux-x86_64-fedora-clang 1.0 96.24 NOTE
r-devel-linux-x86_64-fedora-gcc 1.0 81.20 NOTE
r-devel-windows-x86_64 1.0 33.00 57.00 90.00 OK
r-devel-windows-x86_64-gcc10-UCRT 1.0 OK
r-patched-linux-x86_64 1.0 32.48 31.35 63.83 OK
r-patched-solaris-x86 1.0 94.70 OK
r-release-linux-x86_64 1.0 26.82 31.31 58.13 OK
r-release-macos-arm64 1.0 OK
r-release-macos-x86_64 1.0 OK
r-release-windows-ix86+x86_64 1.0 78.00 54.00 132.00 OK
r-oldrel-macos-x86_64 1.0 OK
r-oldrel-windows-ix86+x86_64 1.0 52.00 76.00 128.00 OK

Check Details

Version: 1.0
Check: compiled code
Result: NOTE
    File ‘GLMaSPU/libs/GLMaSPU.so’:
     Found no calls to: ‘R_registerRoutines’, ‘R_useDynamicSymbols’
    
    It is good practice to register native routines and to disable symbol
    search.
    
    See ‘Writing portable packages’ in the ‘Writing R Extensions’ manual.
Flavors: r-devel-linux-x86_64-fedora-clang, r-devel-linux-x86_64-fedora-gcc