CRAN Package Check Results for Package GLMMadaptive

Last updated on 2021-05-16 07:48:44 CEST.

Flavor Version Tinstall Tcheck Ttotal Status Flags
r-devel-linux-x86_64-debian-clang 0.8-0 9.93 625.92 635.85 NOTE
r-devel-linux-x86_64-debian-gcc 0.8-0 8.06 451.38 459.44 NOTE
r-devel-linux-x86_64-fedora-clang 0.8-0 765.95 NOTE
r-devel-linux-x86_64-fedora-gcc 0.8-0 785.05 NOTE
r-devel-windows-ix86+x86_64 0.8-0 30.00 1047.00 1077.00 NOTE
r-devel-windows-x86_64-gcc10-UCRT 0.8-0 NOTE
r-patched-linux-x86_64 0.8-0 11.44 611.99 623.43 NOTE
r-patched-solaris-x86 0.8-0 1574.80 NOTE
r-release-linux-x86_64 0.8-0 6.80 601.61 608.41 OK
r-release-macos-x86_64 0.8-0 OK
r-release-windows-ix86+x86_64 0.8-0 20.00 945.00 965.00 OK
r-oldrel-macos-x86_64 0.8-0 OK
r-oldrel-windows-ix86+x86_64 0.8-0 22.00 928.00 950.00 OK

Check Details

Version: 0.8-0
Check: LazyData
Result: NOTE
     'LazyData' is specified without a 'data' directory
Flavors: r-devel-linux-x86_64-debian-clang, r-devel-linux-x86_64-debian-gcc, r-devel-linux-x86_64-fedora-clang, r-devel-linux-x86_64-fedora-gcc, r-devel-windows-ix86+x86_64, r-devel-windows-x86_64-gcc10-UCRT, r-patched-linux-x86_64, r-patched-solaris-x86