CRAN Package Check Results for Package GInSARCorW

Last updated on 2021-10-20 07:49:47 CEST.

Flavor Version Tinstall Tcheck Ttotal Status Flags
r-devel-linux-x86_64-debian-clang 1.15.6 22.04 214.23 236.27 NOTE
r-devel-linux-x86_64-debian-gcc 1.15.6 20.37 160.44 180.81 NOTE
r-devel-linux-x86_64-fedora-clang 1.15.6 292.77 NOTE
r-devel-linux-x86_64-fedora-gcc 1.15.6 280.37 NOTE
r-devel-windows-x86_64 1.15.6 35.00 236.00 271.00 NOTE
r-devel-windows-x86_64-gcc10-UCRT 1.15.6 NOTE
r-patched-linux-x86_64 1.15.6 22.72 208.18 230.90 NOTE
r-patched-solaris-x86 1.15.6 176.60 NOTE
r-release-linux-x86_64 1.15.6 21.02 206.89 227.91 NOTE
r-release-macos-arm64 1.15.6 NOTE
r-release-macos-x86_64 1.15.6 NOTE
r-release-windows-ix86+x86_64 1.15.6 39.00 234.00 273.00 NOTE
r-oldrel-macos-x86_64 1.15.6 OK
r-oldrel-windows-ix86+x86_64 1.15.6 24.00 108.00 132.00 OK

Check Details

Version: 1.15.6
Check: LazyData
Result: NOTE
     'LazyData' is specified without a 'data' directory
Flavors: r-devel-linux-x86_64-debian-clang, r-devel-linux-x86_64-debian-gcc, r-devel-linux-x86_64-fedora-clang, r-devel-linux-x86_64-fedora-gcc, r-devel-windows-x86_64, r-devel-windows-x86_64-gcc10-UCRT, r-patched-linux-x86_64, r-patched-solaris-x86, r-release-linux-x86_64, r-release-macos-arm64, r-release-macos-x86_64, r-release-windows-ix86+x86_64