CRAN Package Check Results for Package GENEAclassify

Last updated on 2021-10-21 07:49:55 CEST.

Flavor Version Tinstall Tcheck Ttotal Status Flags
r-devel-linux-x86_64-debian-clang 1.5.2 7.19 45.75 52.94 OK
r-devel-linux-x86_64-debian-gcc 1.5.2 4.89 35.84 40.73 OK
r-devel-linux-x86_64-fedora-clang 1.5.2 74.73 NOTE
r-devel-linux-x86_64-fedora-gcc 1.5.2 62.79 OK
r-devel-windows-x86_64 1.5.2 11.00 75.00 86.00 OK
r-devel-windows-x86_64-gcc10-UCRT 1.5.2 OK
r-patched-linux-x86_64 1.5.2 7.44 44.53 51.97 OK
r-patched-solaris-x86 1.5.2 89.20 OK
r-release-linux-x86_64 1.5.2 5.77 44.02 49.79 OK
r-release-macos-arm64 1.5.2 OK
r-release-macos-x86_64 1.5.2 OK
r-release-windows-ix86+x86_64 1.5.2 10.00 74.00 84.00 OK
r-oldrel-macos-x86_64 1.5.2 OK
r-oldrel-windows-ix86+x86_64 1.5.2 14.00 69.00 83.00 OK

Check Details

Version: 1.5.2
Check: Rd cross-references
Result: NOTE
    Undeclared package ‘mmap’ in Rd xrefs
Flavor: r-devel-linux-x86_64-fedora-clang