CRAN Package Check Results for Package GDPuc

Last updated on 2022-01-26 07:52:45 CET.

Flavor Version Tinstall Tcheck Ttotal Status Flags
r-devel-linux-x86_64-debian-clang 0.5.1 3.31 71.67 74.98 OK
r-devel-linux-x86_64-debian-gcc 0.5.1 2.82 54.66 57.48 OK
r-devel-linux-x86_64-fedora-clang 0.5.1 88.12 NOTE
r-devel-linux-x86_64-fedora-gcc 0.5.1 79.03 NOTE
r-devel-windows-x86_64-new-UL 0.5.1 44.00 90.00 134.00 OK
r-devel-windows-x86_64-new-TK 0.5.1 NOTE
r-patched-linux-x86_64 0.5.1 3.54 67.80 71.34 OK
r-release-linux-x86_64 0.5.1 3.28 68.30 71.58 OK
r-release-macos-arm64 0.5.1 NOTE
r-release-macos-x86_64 0.5.1 NOTE
r-release-windows-ix86+x86_64 0.5.1 7.00 82.00 89.00 OK
r-oldrel-macos-x86_64 0.5.1 NOTE
r-oldrel-windows-ix86+x86_64 0.5.1 8.00 85.00 93.00 OK

Check Details

Version: 0.5.1
Check: dependencies in R code
Result: NOTE
    Namespaces in Imports field not imported from:
     ‘crayon’ ‘lifecycle’
     All declared Imports should be used.
Flavors: r-devel-linux-x86_64-fedora-clang, r-devel-linux-x86_64-fedora-gcc, r-devel-windows-x86_64-new-TK, r-release-macos-arm64, r-release-macos-x86_64, r-oldrel-macos-x86_64