CRAN Package Check Results for Package GADMTools

Last updated on 2021-06-22 07:49:27 CEST.

Flavor Version Tinstall Tcheck Ttotal Status Flags
r-devel-linux-x86_64-debian-clang 3.8-2 13.27 185.89 199.16 OK
r-devel-linux-x86_64-debian-gcc 3.8-2 10.41 138.70 149.11 OK
r-devel-linux-x86_64-fedora-clang 3.8-2 240.80 NOTE
r-devel-linux-x86_64-fedora-gcc 3.8-2 233.71 NOTE
r-devel-windows-x86_64 3.8-2 24.00 443.00 467.00 OK
r-devel-windows-x86_64-gcc10-UCRT 3.8-2 ERROR
r-patched-linux-x86_64 3.8-2 17.79 175.25 193.04 OK
r-patched-solaris-x86 3.8-2 267.80 NOTE
r-release-linux-x86_64 3.8-2 11.41 176.23 187.64 OK
r-release-macos-arm64 3.8-2 NOTE
r-release-macos-x86_64 3.8-2 NOTE
r-release-windows-ix86+x86_64 3.8-2 38.00 453.00 491.00 OK
r-oldrel-macos-x86_64 3.8-2 NOTE

Check Details

Version: 3.8-2
Check: data for non-ASCII characters
Result: NOTE
     Note: found 19 marked UTF-8 strings
Flavors: r-devel-linux-x86_64-fedora-clang, r-devel-linux-x86_64-fedora-gcc, r-patched-solaris-x86, r-release-macos-arm64, r-release-macos-x86_64, r-oldrel-macos-x86_64

Version: 3.8-2
Check: package dependencies
Result: ERROR
    Packages required but not available:
     'rosm', 'ggmap', 'ggspatial', 'prettymapr'
    
    Package suggested but not available for checking: 'kableExtra'
    
    See section 'The DESCRIPTION file' in the 'Writing R Extensions'
    manual.
Flavor: r-devel-windows-x86_64-gcc10-UCRT