Last updated on 2022-05-16 08:50:08 CEST.
Flavor | Version | Tinstall | Tcheck | Ttotal | Status | Flags |
---|---|---|---|---|---|---|
r-devel-linux-x86_64-debian-clang | 0.2 | 21.32 | 167.14 | 188.46 | NOTE | |
r-devel-linux-x86_64-debian-gcc | 0.2 | 14.08 | 125.55 | 139.63 | NOTE | |
r-devel-linux-x86_64-fedora-clang | 0.2 | 239.06 | NOTE | |||
r-devel-linux-x86_64-fedora-gcc | 0.2 | 217.55 | NOTE | |||
r-devel-windows-x86_64 | 0.2 | 98.00 | 198.00 | 296.00 | NOTE | |
r-patched-linux-x86_64 | 0.2 | 20.19 | 160.10 | 180.29 | NOTE | |
r-release-linux-x86_64 | 0.2 | 15.83 | 161.10 | 176.93 | NOTE | |
r-release-macos-arm64 | 0.2 | 56.00 | NOTE | |||
r-release-macos-x86_64 | 0.2 | 84.00 | NOTE | |||
r-release-windows-x86_64 | 0.2 | 112.00 | 210.00 | 322.00 | NOTE | |
r-oldrel-macos-arm64 | 0.2 | 65.00 | NOTE | |||
r-oldrel-macos-x86_64 | 0.2 | 127.00 | NOTE | |||
r-oldrel-windows-ix86+x86_64 | 0.2 | 31.00 | 200.00 | 231.00 | NOTE |
Version: 0.2
Check: LazyData
Result: NOTE
'LazyData' is specified without a 'data' directory
Flavors: r-devel-linux-x86_64-debian-clang, r-devel-linux-x86_64-debian-gcc, r-devel-linux-x86_64-fedora-clang, r-devel-linux-x86_64-fedora-gcc, r-devel-windows-x86_64, r-patched-linux-x86_64, r-release-linux-x86_64, r-release-macos-arm64, r-release-macos-x86_64, r-release-windows-x86_64, r-oldrel-macos-arm64, r-oldrel-macos-x86_64, r-oldrel-windows-ix86+x86_64