CRAN Package Check Results for Package FrF2

Last updated on 2021-09-18 08:50:43 CEST.

Flavor Version Tinstall Tcheck Ttotal Status Flags
r-devel-linux-x86_64-debian-clang 2.2-2 20.33 159.61 179.94 NOTE
r-devel-linux-x86_64-debian-gcc 2.2-2 11.59 113.70 125.29 NOTE
r-devel-linux-x86_64-fedora-clang 2.2-2 228.84 NOTE
r-devel-linux-x86_64-fedora-gcc 2.2-2 220.85 NOTE
r-devel-windows-x86_64 2.2-2 20.00 152.00 172.00 NOTE
r-devel-windows-x86_64-gcc10-UCRT 2.2-2 NOTE
r-patched-linux-x86_64 2.2-2 21.82 151.20 173.02 NOTE
r-patched-solaris-x86 2.2-2 252.30 NOTE
r-release-linux-x86_64 2.2-2 16.75 151.59 168.34 NOTE
r-release-macos-arm64 2.2-2 NOTE
r-release-macos-x86_64 2.2-2 NOTE
r-release-windows-ix86+x86_64 2.2-2 29.00 178.00 207.00 NOTE
r-oldrel-macos-x86_64 2.2-2 OK
r-oldrel-windows-ix86+x86_64 2.2-2 28.00 182.00 210.00 OK

Check Details

Version: 2.2-2
Check: LazyData
Result: NOTE
     'LazyData' is specified without a 'data' directory
Flavors: r-devel-linux-x86_64-debian-clang, r-devel-linux-x86_64-debian-gcc, r-devel-linux-x86_64-fedora-clang, r-devel-linux-x86_64-fedora-gcc, r-devel-windows-x86_64, r-devel-windows-x86_64-gcc10-UCRT, r-patched-linux-x86_64, r-patched-solaris-x86, r-release-linux-x86_64, r-release-macos-arm64, r-release-macos-x86_64, r-release-windows-ix86+x86_64

Version: 2.2-2
Check: Rd cross-references
Result: NOTE
    Undeclared package ‘DoE.wrapper’ in Rd xrefs
Flavor: r-devel-linux-x86_64-fedora-clang