CRAN Package Check Results for Package FeatureHashing

Last updated on 2022-01-26 07:52:44 CET.

Flavor Version Tinstall Tcheck Ttotal Status Flags
r-devel-linux-x86_64-debian-clang 0.9.1.4 85.15 133.00 218.15 OK
r-devel-linux-x86_64-debian-gcc 0.9.1.4 60.06 101.67 161.73 OK
r-devel-linux-x86_64-fedora-clang 0.9.1.4 281.42 OK
r-devel-linux-x86_64-fedora-gcc 0.9.1.4 256.56 OK
r-devel-windows-x86_64-new-UL 0.9.1.4 183.00 183.00 366.00 OK
r-devel-windows-x86_64-new-TK 0.9.1.4 OK
r-patched-linux-x86_64 0.9.1.4 71.45 124.57 196.02 OK
r-release-linux-x86_64 0.9.1.4 68.42 121.91 190.33 OK
r-release-macos-arm64 0.9.1.4 NOTE
r-release-macos-x86_64 0.9.1.4 OK
r-release-windows-ix86+x86_64 0.9.1.4 188.00 227.00 415.00 OK
r-oldrel-macos-x86_64 0.9.1.4 OK
r-oldrel-windows-ix86+x86_64 0.9.1.4 189.00 226.00 415.00 OK

Check Details

Version: 0.9.1.4
Check: installed package size
Result: NOTE
     installed size is 5.7Mb
     sub-directories of 1Mb or more:
     libs 5.0Mb
Flavor: r-release-macos-arm64