CRAN Package Check Results for Package FastRCS

Last updated on 2021-07-24 07:49:24 CEST.

Flavor Version Tinstall Tcheck Ttotal Status Flags
r-devel-linux-x86_64-debian-clang 0.0.8 35.51 27.30 62.81 OK
r-devel-linux-x86_64-debian-gcc 0.0.8 27.96 23.32 51.28 OK
r-devel-linux-x86_64-fedora-clang 0.0.8 93.07 NOTE
r-devel-linux-x86_64-fedora-gcc 0.0.8 80.42 OK
r-devel-windows-x86_64 0.0.8 23.00 41.00 64.00 OK
r-devel-windows-x86_64-gcc10-UCRT 0.0.8 OK
r-patched-linux-x86_64 0.0.8 35.56 27.99 63.55 OK
r-patched-solaris-x86 0.0.8 86.10 OK
r-release-linux-x86_64 0.0.8 34.60 28.01 62.61 OK
r-release-macos-arm64 0.0.8 NOTE
r-release-macos-x86_64 0.0.8 NOTE
r-release-windows-ix86+x86_64 0.0.8 73.00 63.00 136.00 OK
r-oldrel-macos-x86_64 0.0.8 NOTE
r-oldrel-windows-ix86+x86_64 0.0.8 74.00 66.00 140.00 OK

Check Details

Version: 0.0.8
Check: installed package size
Result: NOTE
     installed size is 17.7Mb
     sub-directories of 1Mb or more:
     libs 17.6Mb
Flavors: r-devel-linux-x86_64-fedora-clang, r-release-macos-arm64, r-release-macos-x86_64, r-oldrel-macos-x86_64