CRAN Package Check Results for Package FastPCS

Last updated on 2021-08-04 07:49:33 CEST.

Flavor Version Tinstall Tcheck Ttotal Status Flags
r-devel-linux-x86_64-debian-clang 0.1.3 27.92 23.44 51.36 OK
r-devel-linux-x86_64-debian-gcc 0.1.3 16.74 19.47 36.21 OK
r-devel-linux-x86_64-fedora-clang 0.1.3 69.84 NOTE
r-devel-linux-x86_64-fedora-gcc 0.1.3 56.86 OK
r-devel-windows-x86_64 0.1.3 18.00 48.00 66.00 OK
r-devel-windows-x86_64-gcc10-UCRT 0.1.3 OK
r-patched-linux-x86_64 0.1.3 21.61 23.45 45.06 OK
r-patched-solaris-x86 0.1.3 67.00 OK
r-release-linux-x86_64 0.1.3 19.50 23.77 43.27 OK
r-release-macos-arm64 0.1.3 NOTE
r-release-macos-x86_64 0.1.3 NOTE
r-release-windows-ix86+x86_64 0.1.3 45.00 52.00 97.00 OK
r-oldrel-macos-x86_64 0.1.3 NOTE
r-oldrel-windows-ix86+x86_64 0.1.3 39.00 59.00 98.00 OK

Check Details

Version: 0.1.3
Check: installed package size
Result: NOTE
     installed size is 8.4Mb
     sub-directories of 1Mb or more:
     libs 8.3Mb
Flavors: r-devel-linux-x86_64-fedora-clang, r-release-macos-arm64, r-release-macos-x86_64, r-oldrel-macos-x86_64