CRAN Package Check Results for Package FactorsR

Last updated on 2021-05-08 07:48:06 CEST.

Flavor Version Tinstall Tcheck Ttotal Status Flags
r-devel-linux-x86_64-debian-clang 1.4 3.87 35.80 39.67 OK
r-devel-linux-x86_64-debian-gcc 1.4 2.47 27.86 30.33 OK
r-devel-linux-x86_64-fedora-clang 1.4 57.66 NOTE
r-devel-linux-x86_64-fedora-gcc 1.4 46.54 NOTE
r-devel-windows-ix86+x86_64 1.4 6.00 57.00 63.00 OK
r-devel-windows-x86_64-gcc10-UCRT 1.4 NOTE
r-patched-linux-x86_64 1.4 3.63 35.12 38.75 OK
r-patched-solaris-x86 1.4 70.40 NOTE
r-release-linux-x86_64 1.4 3.38 34.65 38.03 OK
r-release-macos-x86_64 1.4 NOTE
r-release-windows-ix86+x86_64 1.4 6.00 40.00 46.00 OK
r-oldrel-macos-x86_64 1.4 NOTE
r-oldrel-windows-ix86+x86_64 1.4 6.00 5.00 11.00 ERROR

Check Details

Version: 1.4
Check: Rd cross-references
Result: NOTE
    Undeclared package ‘SciViews’ in Rd xrefs
Flavor: r-devel-linux-x86_64-fedora-clang

Version: 1.4
Check: data for non-ASCII characters
Result: NOTE
     Note: found 5 marked Latin-1 strings
Flavors: r-devel-linux-x86_64-fedora-clang, r-devel-linux-x86_64-fedora-gcc, r-devel-windows-x86_64-gcc10-UCRT, r-patched-solaris-x86, r-release-macos-x86_64, r-oldrel-macos-x86_64

Version: 1.4
Check: whether package can be installed
Result: ERROR
    Installation failed.
Flavor: r-oldrel-windows-ix86+x86_64