CRAN Package Check Results for Package FKF.SP

Last updated on 2022-01-26 07:52:44 CET.

Flavor Version Tinstall Tcheck Ttotal Status Flags
r-devel-linux-x86_64-debian-clang 0.1.3 3.30 56.77 60.07 OK
r-devel-linux-x86_64-debian-gcc 0.1.3 2.09 45.57 47.66 OK
r-devel-linux-x86_64-fedora-clang 0.1.3 75.42 NOTE
r-devel-linux-x86_64-fedora-gcc 0.1.3 64.61 NOTE
r-devel-windows-x86_64-new-UL 0.1.3 17.00 78.00 95.00 OK
r-devel-windows-x86_64-new-TK 0.1.3 NOTE
r-patched-linux-x86_64 0.1.3 2.85 55.00 57.85 OK
r-release-linux-x86_64 0.1.3 2.00 53.94 55.94 OK
r-release-macos-arm64 0.1.3 NOTE
r-release-macos-x86_64 0.1.3 NOTE
r-release-windows-ix86+x86_64 0.1.3 10.00 71.00 81.00 OK
r-oldrel-macos-x86_64 0.1.3 NOTE
r-oldrel-windows-ix86+x86_64 0.1.3 9.00 69.00 78.00 OK

Check Details

Version: 0.1.3
Check: dependencies in R code
Result: NOTE
    Namespaces in Imports field not imported from:
     ‘Rdpack’ ‘curl’ ‘mathjaxr’
     All declared Imports should be used.
Flavors: r-devel-linux-x86_64-fedora-clang, r-devel-linux-x86_64-fedora-gcc, r-devel-windows-x86_64-new-TK, r-release-macos-arm64, r-release-macos-x86_64, r-oldrel-macos-x86_64