CRAN Package Check Results for Package ExtremeRisks

Last updated on 2021-05-11 07:47:48 CEST.

Flavor Version Tinstall Tcheck Ttotal Status Flags
r-devel-linux-x86_64-debian-clang 0.0.4 15.16 102.14 117.30 OK
r-devel-linux-x86_64-debian-gcc 0.0.4 11.45 80.24 91.69 OK
r-devel-linux-x86_64-fedora-clang 0.0.4 152.07 OK
r-devel-linux-x86_64-fedora-gcc 0.0.4 150.15 OK
r-devel-windows-ix86+x86_64 0.0.4 21.00 123.00 144.00 OK
r-devel-windows-x86_64-gcc10-UCRT 0.0.4 OK
r-patched-linux-x86_64 0.0.4 15.82 101.97 117.79 OK
r-patched-solaris-x86 0.0.4 207.70 OK
r-release-linux-x86_64 0.0.4 13.87 95.42 109.29 OK
r-release-macos-x86_64 0.0.4 OK
r-release-windows-ix86+x86_64 0.0.4 19.00 90.00 109.00 OK
r-oldrel-macos-x86_64 0.0.4 OK
r-oldrel-windows-ix86+x86_64 0.0.4 23.00 0.00 23.00 ERROR

Check Details

Version: 0.0.4
Check: whether package can be installed
Result: ERROR
    Installation failed.
Flavor: r-oldrel-windows-ix86+x86_64