CRAN Package Check Results for Package ExPanDaR

Last updated on 2021-06-22 07:49:26 CEST.

Flavor Version Tinstall Tcheck Ttotal Status Flags
r-devel-linux-x86_64-debian-clang 0.5.3 10.59 129.27 139.86 OK
r-devel-linux-x86_64-debian-gcc 0.5.3 7.40 94.30 101.70 OK
r-devel-linux-x86_64-fedora-clang 0.5.3 171.81 OK
r-devel-linux-x86_64-fedora-gcc 0.5.3 156.12 OK
r-devel-windows-x86_64 0.5.3 14.00 152.00 166.00 OK
r-devel-windows-x86_64-gcc10-UCRT 0.5.3 ERROR
r-patched-linux-x86_64 0.5.3 7.54 126.05 133.59 OK
r-patched-solaris-x86 0.5.3 224.70 OK
r-release-linux-x86_64 0.5.3 6.81 120.67 127.48 OK
r-release-macos-arm64 0.5.3 OK
r-release-macos-x86_64 0.5.3 OK
r-release-windows-ix86+x86_64 0.5.3 25.00 164.00 189.00 OK
r-oldrel-macos-x86_64 0.5.3 OK

Check Details

Version: 0.5.3
Check: package dependencies
Result: ERROR
    Packages required but not available: 'kableExtra', 'rio'
    
    Package suggested but not available for checking: 'devtools'
    
    See section 'The DESCRIPTION file' in the 'Writing R Extensions'
    manual.
Flavor: r-devel-windows-x86_64-gcc10-UCRT