CRAN Package Check Results for Package EValue

Last updated on 2022-05-16 08:50:07 CEST.

Flavor Version Tinstall Tcheck Ttotal Status Flags
r-devel-linux-x86_64-debian-clang 4.1.3 13.13 148.48 161.61 OK
r-devel-linux-x86_64-debian-gcc 4.1.3 10.73 109.64 120.37 OK
r-devel-linux-x86_64-fedora-clang 4.1.3 190.60 NOTE
r-devel-linux-x86_64-fedora-gcc 4.1.3 185.57 NOTE
r-devel-windows-x86_64 4.1.3 35.00 179.00 214.00 OK
r-patched-linux-x86_64 4.1.3 10.72 140.45 151.17 OK
r-release-linux-x86_64 4.1.3 8.93 140.24 149.17 OK
r-release-macos-arm64 4.1.3 56.00 NOTE
r-release-macos-x86_64 4.1.3 87.00 NOTE
r-release-windows-x86_64 4.1.3 37.00 178.00 215.00 OK
r-oldrel-macos-arm64 4.1.3 62.00 NOTE
r-oldrel-macos-x86_64 4.1.3 88.00 NOTE
r-oldrel-windows-ix86+x86_64 4.1.3 31.00 177.00 208.00 OK

Check Details

Version: 4.1.3
Check: dependencies in R code
Result: NOTE
    Namespace in Imports field not imported from: ‘metadat’
     All declared Imports should be used.
Flavors: r-devel-linux-x86_64-fedora-clang, r-devel-linux-x86_64-fedora-gcc, r-release-macos-arm64, r-release-macos-x86_64, r-oldrel-macos-arm64, r-oldrel-macos-x86_64