CRAN Package Check Results for Package ETLUtils

Last updated on 2021-09-18 08:50:42 CEST.

Flavor Version Tinstall Tcheck Ttotal Status Flags
r-devel-linux-x86_64-debian-clang 1.5 3.07 29.92 32.99 OK
r-devel-linux-x86_64-debian-gcc 1.5 2.42 23.24 25.66 OK
r-devel-linux-x86_64-fedora-clang 1.5 48.54 OK
r-devel-linux-x86_64-fedora-gcc 1.5 38.21 OK
r-devel-windows-x86_64 1.5 5.00 36.00 41.00 WARN
r-devel-windows-x86_64-gcc10-UCRT 1.5 WARN
r-patched-linux-x86_64 1.5 3.67 29.06 32.73 OK
r-patched-solaris-x86 1.5 57.80 OK
r-release-linux-x86_64 1.5 3.22 28.99 32.21 OK
r-release-macos-arm64 1.5 NOTE
r-release-macos-x86_64 1.5 OK
r-release-windows-ix86+x86_64 1.5 8.00 47.00 55.00 OK
r-oldrel-macos-x86_64 1.5 OK
r-oldrel-windows-ix86+x86_64 1.5 7.00 37.00 44.00 OK

Check Details

Version: 1.5
Check: whether package can be installed
Result: WARN
    Found the following significant warnings:
     Warning: 'memory.limit()' is no longer supported
Flavors: r-devel-windows-x86_64, r-devel-windows-x86_64-gcc10-UCRT

Version: 1.5
Check: package dependencies
Result: NOTE
    Package suggested but not available for checking: ‘RODBC’
Flavor: r-release-macos-arm64

Version: 1.5
Check: Rd cross-references
Result: NOTE
    Package unavailable to check Rd xrefs: ‘RODBC’
Flavor: r-release-macos-arm64