CRAN Package Check Results for Package ERSA

Last updated on 2021-06-15 08:49:53 CEST.

Flavor Version Tinstall Tcheck Ttotal Status Flags
r-devel-linux-x86_64-debian-clang 0.1.3 7.06 74.49 81.55 NOTE
r-devel-linux-x86_64-debian-gcc 0.1.3 6.27 55.65 61.92 NOTE
r-devel-linux-x86_64-fedora-clang 0.1.3 108.54 NOTE
r-devel-linux-x86_64-fedora-gcc 0.1.3 93.98 NOTE
r-devel-windows-x86_64 0.1.3 13.00 95.00 108.00 NOTE
r-devel-windows-x86_64-gcc10-UCRT 0.1.3 NOTE
r-patched-linux-x86_64 0.1.3 6.40 69.28 75.68 NOTE
r-patched-solaris-x86 0.1.3 133.80 NOTE
r-release-linux-x86_64 0.1.3 7.32 69.21 76.53 NOTE
r-release-macos-arm64 0.1.3 NOTE
r-release-macos-x86_64 0.1.3 NOTE
r-release-windows-ix86+x86_64 0.1.3 18.00 98.00 116.00 NOTE
r-oldrel-macos-x86_64 0.1.3 OK
r-oldrel-windows-ix86+x86_64 0.1.3 19.00 107.00 126.00 OK

Check Details

Version: 0.1.3
Check: LazyData
Result: NOTE
     'LazyData' is specified without a 'data' directory
Flavors: r-devel-linux-x86_64-debian-clang, r-devel-linux-x86_64-debian-gcc, r-devel-linux-x86_64-fedora-clang, r-devel-linux-x86_64-fedora-gcc, r-devel-windows-x86_64, r-devel-windows-x86_64-gcc10-UCRT, r-patched-linux-x86_64, r-patched-solaris-x86, r-release-linux-x86_64, r-release-macos-arm64, r-release-macos-x86_64, r-release-windows-ix86+x86_64