CRAN Package Check Results for Package ELISAtools

Last updated on 2021-08-04 07:49:32 CEST.

Flavor Version Tinstall Tcheck Ttotal Status Flags
r-devel-linux-x86_64-debian-clang 0.1.5 4.49 48.13 52.62 NOTE
r-devel-linux-x86_64-debian-gcc 0.1.5 3.26 37.50 40.76 NOTE
r-devel-linux-x86_64-fedora-clang 0.1.5 71.45 NOTE
r-devel-linux-x86_64-fedora-gcc 0.1.5 61.19 NOTE
r-devel-windows-x86_64 0.1.5 14.00 74.00 88.00 NOTE
r-devel-windows-x86_64-gcc10-UCRT 0.1.5 NOTE
r-patched-linux-x86_64 0.1.5 5.62 46.52 52.14 NOTE
r-patched-solaris-x86 0.1.5 79.90 NOTE
r-release-linux-x86_64 0.1.5 4.17 47.25 51.42 NOTE
r-release-macos-arm64 0.1.5 NOTE
r-release-macos-x86_64 0.1.5 NOTE
r-release-windows-ix86+x86_64 0.1.5 9.00 74.00 83.00 NOTE
r-oldrel-macos-x86_64 0.1.5 OK
r-oldrel-windows-ix86+x86_64 0.1.5 8.00 71.00 79.00 OK

Check Details

Version: 0.1.5
Check: LazyData
Result: NOTE
     'LazyData' is specified without a 'data' directory
Flavors: r-devel-linux-x86_64-debian-clang, r-devel-linux-x86_64-debian-gcc, r-devel-linux-x86_64-fedora-clang, r-devel-linux-x86_64-fedora-gcc, r-devel-windows-x86_64, r-devel-windows-x86_64-gcc10-UCRT, r-patched-linux-x86_64, r-patched-solaris-x86, r-release-linux-x86_64, r-release-macos-arm64, r-release-macos-x86_64, r-release-windows-ix86+x86_64