CRAN Package Check Results for Package EAinference

Last updated on 2021-07-25 07:49:59 CEST.

Flavor Version Tinstall Tcheck Ttotal Status Flags
r-devel-linux-x86_64-debian-clang 0.2.3 39.12 227.82 266.94 NOTE
r-devel-linux-x86_64-debian-gcc 0.2.3 28.31 172.20 200.51 NOTE
r-devel-linux-x86_64-fedora-clang 0.2.3 349.25 NOTE
r-devel-linux-x86_64-fedora-gcc 0.2.3 318.23 NOTE
r-devel-windows-x86_64 0.2.3 38.00 201.00 239.00 NOTE
r-devel-windows-x86_64-gcc10-UCRT 0.2.3 NOTE
r-patched-linux-x86_64 0.2.3 31.68 219.52 251.20 NOTE
r-patched-solaris-x86 0.2.3 427.40 NOTE
r-release-linux-x86_64 0.2.3 32.10 221.27 253.37 NOTE
r-release-macos-arm64 0.2.3 NOTE
r-release-macos-x86_64 0.2.3 NOTE
r-release-windows-ix86+x86_64 0.2.3 88.00 445.00 533.00 NOTE
r-oldrel-macos-x86_64 0.2.3 OK
r-oldrel-windows-ix86+x86_64 0.2.3 90.00 419.00 509.00 OK

Check Details

Version: 0.2.3
Check: LazyData
Result: NOTE
     'LazyData' is specified without a 'data' directory
Flavors: r-devel-linux-x86_64-debian-clang, r-devel-linux-x86_64-debian-gcc, r-devel-linux-x86_64-fedora-clang, r-devel-linux-x86_64-fedora-gcc, r-devel-windows-x86_64, r-devel-windows-x86_64-gcc10-UCRT, r-patched-linux-x86_64, r-patched-solaris-x86, r-release-linux-x86_64, r-release-macos-arm64, r-release-macos-x86_64, r-release-windows-ix86+x86_64