CRAN Package Check Results for Package DysPIA

Last updated on 2021-07-24 07:49:23 CEST.

Flavor Version Tinstall Tcheck Ttotal Status Flags
r-devel-linux-x86_64-debian-clang 1.3 0.70 2.50 3.20 ERROR
r-devel-linux-x86_64-debian-gcc 1.3 17.72 36.78 54.50 OK
r-devel-linux-x86_64-fedora-clang 1.3 102.76 NOTE
r-devel-linux-x86_64-fedora-gcc 1.3 87.78 OK
r-devel-windows-x86_64 1.3 27.00 56.00 83.00 OK
r-devel-windows-x86_64-gcc10-UCRT 1.3 OK
r-patched-linux-x86_64 1.3 19.93 44.58 64.51 OK
r-patched-solaris-x86 1.3 113.00 OK
r-release-linux-x86_64 1.3 19.52 45.41 64.93 OK
r-release-macos-arm64 1.3 ERROR
r-release-macos-x86_64 1.3 NOTE
r-release-windows-ix86+x86_64 1.3 53.00 91.00 144.00 NOTE
r-oldrel-macos-x86_64 1.3 NOTE
r-oldrel-windows-ix86+x86_64 1.3 55.00 98.00 153.00 NOTE

Check Details

Version: 1.3
Check: package dependencies
Result: ERROR
    Package required but not available: 'fastmatch'
    
    See section 'The DESCRIPTION file' in the 'Writing R Extensions'
    manual.
Flavor: r-devel-linux-x86_64-debian-clang

Version: 1.3
Check: installed package size
Result: NOTE
     installed size is 5.1Mb
     sub-directories of 1Mb or more:
     data 4.0Mb
     libs 1.0Mb
Flavors: r-devel-linux-x86_64-fedora-clang, r-release-macos-x86_64, r-release-windows-ix86+x86_64, r-oldrel-macos-x86_64, r-oldrel-windows-ix86+x86_64

Version: 1.3
Check: package dependencies
Result: ERROR
    Package required but not available: ‘BiocParallel’
    
    See section ‘The DESCRIPTION file’ in the ‘Writing R Extensions’
    manual.
Flavor: r-release-macos-arm64