CRAN Package Check Results for Package DiceOptim

Last updated on 2021-09-19 07:50:13 CEST.

Flavor Version Tinstall Tcheck Ttotal Status Flags
r-devel-linux-x86_64-debian-clang 2.1.1 10.93 92.15 103.08 OK
r-devel-linux-x86_64-debian-gcc 2.1.1 8.26 67.30 75.56 OK
r-devel-linux-x86_64-fedora-clang 2.1.1 134.03 OK
r-devel-linux-x86_64-fedora-gcc 2.1.1 116.09 OK
r-devel-windows-x86_64 2.1.1 14.00 90.00 104.00 OK
r-devel-windows-x86_64-gcc10-UCRT 2.1.1 ERROR
r-patched-linux-x86_64 2.1.1 12.09 88.98 101.07 OK
r-patched-solaris-x86 2.1.1 146.50 OK
r-release-linux-x86_64 2.1.1 9.38 89.73 99.11 OK
r-release-macos-arm64 2.1.1 OK
r-release-macos-x86_64 2.1.1 OK
r-release-windows-ix86+x86_64 2.1.1 21.00 155.00 176.00 OK
r-oldrel-macos-x86_64 2.1.1 OK
r-oldrel-windows-ix86+x86_64 2.1.1 22.00 119.00 141.00 OK

Check Details

Version: 2.1.1
Check: whether package can be installed
Result: ERROR
    Installation failed.
Flavor: r-devel-windows-x86_64-gcc10-UCRT