CRAN Package Check Results for Package DatabaseConnector

Last updated on 2021-09-22 07:51:11 CEST.

Flavor Version Tinstall Tcheck Ttotal Status Flags
r-devel-linux-x86_64-debian-clang 4.0.2 9.18 74.07 83.25 OK
r-devel-linux-x86_64-debian-gcc 4.0.2 7.10 56.24 63.34 OK
r-devel-linux-x86_64-fedora-clang 4.0.2 111.69 OK
r-devel-linux-x86_64-fedora-gcc 4.0.2 96.16 OK
r-devel-windows-x86_64 4.0.2 11.00 87.00 98.00 OK
r-devel-windows-x86_64-gcc10-UCRT 4.0.2 ERROR
r-patched-linux-x86_64 4.0.2 12.39 72.14 84.53 OK
r-patched-solaris-x86 4.0.2 118.80 NOTE
r-release-linux-x86_64 4.0.2 10.11 70.95 81.06 OK
r-release-macos-arm64 4.0.2 OK
r-release-macos-x86_64 4.0.2 OK
r-release-windows-ix86+x86_64 4.0.2 21.00 102.00 123.00 OK
r-oldrel-macos-x86_64 4.0.2 OK
r-oldrel-windows-ix86+x86_64 4.0.2 14.00 81.00 95.00 OK

Check Details

Version: 4.0.2
Check: package dependencies
Result: NOTE
    Package suggested but not available for checking: 'aws.s3'
Flavor: r-devel-windows-x86_64-gcc10-UCRT

Version: 4.0.2
Check: PDF version of manual
Result: WARN
    LaTeX errors when creating PDF version.
    This typically indicates Rd problems.
Flavor: r-devel-windows-x86_64-gcc10-UCRT

Version: 4.0.2
Check: PDF version of manual without hyperrefs or index
Result: ERROR
    Re-running with no redirection of stdout/stderr.
Flavor: r-devel-windows-x86_64-gcc10-UCRT

Version: 4.0.2
Check: package dependencies
Result: NOTE
    Package suggested but not available for checking: ‘ssh’
Flavor: r-patched-solaris-x86