CRAN Package Check Results for Package DataVisualizations

Last updated on 2021-07-31 07:50:36 CEST.

Flavor Version Tinstall Tcheck Ttotal Status Flags
r-devel-linux-x86_64-debian-clang 1.2.2 57.03 288.21 345.24 OK
r-devel-linux-x86_64-debian-gcc 1.2.2 36.47 212.27 248.74 OK
r-devel-linux-x86_64-fedora-clang 1.2.2 324.72 NOTE
r-devel-linux-x86_64-fedora-gcc 1.2.2 427.93 OK
r-devel-windows-x86_64 1.2.2 57.00 278.00 335.00 OK
r-devel-windows-x86_64-gcc10-UCRT 1.2.2 OK
r-patched-linux-x86_64 1.2.2 OK
r-patched-solaris-x86 1.2.2 544.10 OK
r-release-linux-x86_64 1.2.2 45.41 274.42 319.83 OK
r-release-macos-arm64 1.2.2 WARN
r-release-macos-x86_64 1.2.2 OK
r-release-windows-ix86+x86_64 1.2.2 132.00 335.00 467.00 NOTE
r-oldrel-macos-x86_64 1.2.2 OK
r-oldrel-windows-ix86+x86_64 1.2.2 103.00 349.00 452.00 NOTE

Check Details

Version: 1.2.2
Check: Rd cross-references
Result: NOTE
    Undeclared package ‘FCPS’ in Rd xrefs
Flavor: r-devel-linux-x86_64-fedora-clang

Version: 1.2.2
Check: installed package size
Result: NOTE
     installed size is 5.0Mb
     sub-directories of 1Mb or more:
     doc 1.7Mb
     libs 2.0Mb
Flavors: r-release-macos-arm64, r-release-windows-ix86+x86_64, r-oldrel-windows-ix86+x86_64

Version: 1.2.2
Check: re-building of vignette outputs
Result: WARN
    Error(s) in re-building vignettes:
     ...
    --- re-building ‘DataVisualizations.Rmd’ using rmarkdown
    Warning in engine$weave(file, quiet = quiet, encoding = enc) :
     Pandoc (>= 1.12.3) not available. Falling back to R Markdown v1.
    Quitting from lines 40-43 (DataVisualizations.Rmd)
    Error: processing vignette 'DataVisualizations.Rmd' failed with diagnostics:
    polygon edge not found
    --- failed re-building ‘DataVisualizations.Rmd’
    
    SUMMARY: processing the following file failed:
     ‘DataVisualizations.Rmd’
    
    Error: Vignette re-building failed.
    Execution halted
Flavor: r-release-macos-arm64