CRAN Package Check Results for Package DataSpaceR

Last updated on 2021-07-30 07:50:07 CEST.

Flavor Version Tinstall Tcheck Ttotal Status Flags
r-devel-linux-x86_64-debian-clang 0.7.4 NOTE
r-devel-linux-x86_64-debian-gcc 0.7.4 5.67 33.93 39.60 NOTE
r-devel-linux-x86_64-fedora-clang 0.7.4 68.82 NOTE
r-devel-linux-x86_64-fedora-gcc 0.7.4 61.15 NOTE
r-devel-windows-x86_64 0.7.4 7.00 56.00 63.00 NOTE
r-devel-windows-x86_64-gcc10-UCRT 0.7.4 NOTE
r-patched-linux-x86_64 0.7.4 NOTE
r-patched-solaris-x86 0.7.4 85.40 NOTE
r-release-linux-x86_64 0.7.4 6.59 41.75 48.34 NOTE
r-release-macos-arm64 0.7.4 NOTE
r-release-macos-x86_64 0.7.4 NOTE
r-release-windows-ix86+x86_64 0.7.4 13.00 62.00 75.00 NOTE
r-oldrel-macos-x86_64 0.7.4 OK
r-oldrel-windows-ix86+x86_64 0.7.4 10.00 66.00 76.00 OK

Check Details

Version: 0.7.4
Check: LazyData
Result: NOTE
     'LazyData' is specified without a 'data' directory
Flavors: r-devel-linux-x86_64-debian-clang, r-devel-linux-x86_64-debian-gcc, r-devel-linux-x86_64-fedora-clang, r-devel-linux-x86_64-fedora-gcc, r-devel-windows-x86_64, r-devel-windows-x86_64-gcc10-UCRT, r-patched-linux-x86_64, r-patched-solaris-x86, r-release-linux-x86_64, r-release-macos-arm64, r-release-macos-x86_64, r-release-windows-ix86+x86_64