CRAN Package Check Results for Package DSSAT

Last updated on 2021-06-19 07:48:48 CEST.

Flavor Version Tinstall Tcheck Ttotal Status Flags
r-devel-linux-x86_64-debian-clang 0.0.2 10.65 81.52 92.17 NOTE
r-devel-linux-x86_64-debian-gcc 0.0.2 7.44 60.38 67.82 NOTE
r-devel-linux-x86_64-fedora-clang 0.0.2 118.22 NOTE
r-devel-linux-x86_64-fedora-gcc 0.0.2 107.04 NOTE
r-devel-windows-x86_64 0.0.2 15.00 102.00 117.00 NOTE
r-devel-windows-x86_64-gcc10-UCRT 0.0.2 NOTE
r-patched-linux-x86_64 0.0.2 10.42 75.71 86.13 NOTE
r-patched-solaris-x86 0.0.2 139.30 NOTE
r-release-linux-x86_64 0.0.2 8.60 77.13 85.73 NOTE
r-release-macos-arm64 0.0.2 NOTE
r-release-macos-x86_64 0.0.2 NOTE
r-release-windows-ix86+x86_64 0.0.2 19.00 102.00 121.00 NOTE
r-oldrel-macos-x86_64 0.0.2 OK
r-oldrel-windows-ix86+x86_64 0.0.2 17.00 92.00 109.00 OK

Check Details

Version: 0.0.2
Check: LazyData
Result: NOTE
     'LazyData' is specified without a 'data' directory
Flavors: r-devel-linux-x86_64-debian-clang, r-devel-linux-x86_64-debian-gcc, r-devel-linux-x86_64-fedora-clang, r-devel-linux-x86_64-fedora-gcc, r-devel-windows-x86_64, r-devel-windows-x86_64-gcc10-UCRT, r-patched-linux-x86_64, r-patched-solaris-x86, r-release-linux-x86_64, r-release-macos-arm64, r-release-macos-x86_64, r-release-windows-ix86+x86_64