CRAN Package Check Results for Package DMTL

Last updated on 2021-05-08 07:48:05 CEST.

Flavor Version Tinstall Tcheck Ttotal Status Flags
r-devel-linux-x86_64-debian-clang 0.1.2 2.63 43.01 45.64 NOTE
r-devel-linux-x86_64-debian-gcc 0.1.2 2.02 32.83 34.85 NOTE
r-devel-linux-x86_64-fedora-clang 0.1.2 66.86 NOTE
r-devel-linux-x86_64-fedora-gcc 0.1.2 54.60 NOTE
r-devel-windows-ix86+x86_64 0.1.2 8.00 65.00 73.00 NOTE
r-devel-windows-x86_64-gcc10-UCRT 0.1.2 NOTE
r-patched-linux-x86_64 0.1.2 2.48 42.08 44.56 NOTE
r-patched-solaris-x86 0.1.2 118.60 OK
r-release-linux-x86_64 0.1.2 2.59 42.00 44.59 OK
r-release-macos-x86_64 0.1.2 OK
r-release-windows-ix86+x86_64 0.1.2 5.00 49.00 54.00 OK
r-oldrel-macos-x86_64 0.1.2 OK
r-oldrel-windows-ix86+x86_64 0.1.2 4.00 5.00 9.00 ERROR

Check Details

Version: 0.1.2
Check: LazyData
Result: NOTE
     'LazyData' is specified without a 'data' directory
Flavors: r-devel-linux-x86_64-debian-clang, r-devel-linux-x86_64-debian-gcc, r-devel-linux-x86_64-fedora-clang, r-devel-linux-x86_64-fedora-gcc, r-devel-windows-ix86+x86_64, r-devel-windows-x86_64-gcc10-UCRT, r-patched-linux-x86_64

Version: 0.1.2
Check: whether package can be installed
Result: ERROR
    Installation failed.
Flavor: r-oldrel-windows-ix86+x86_64