CRAN Package Check Results for Package DClusterm

Last updated on 2021-09-26 07:50:04 CEST.

Flavor Version Tinstall Tcheck Ttotal Status Flags
r-devel-linux-x86_64-debian-clang 1.0-1 18.12 375.00 393.12 NOTE
r-devel-linux-x86_64-debian-gcc 1.0-1 15.73 289.21 304.94 NOTE
r-devel-linux-x86_64-fedora-clang 1.0-1 374.42 NOTE
r-devel-linux-x86_64-fedora-gcc 1.0-1 364.65 NOTE
r-devel-windows-x86_64 1.0-1 20.00 183.00 203.00 OK --no-vignettes
r-devel-windows-x86_64-gcc10-UCRT 1.0-1 NOTE
r-patched-linux-x86_64 1.0-1 22.54 259.52 282.06 NOTE
r-patched-solaris-x86 1.0-1 1248.40 NOTE
r-release-linux-x86_64 1.0-1 15.94 262.23 278.17 NOTE
r-release-macos-arm64 1.0-1 NOTE
r-release-macos-x86_64 1.0-1 NOTE
r-release-windows-ix86+x86_64 1.0-1 43.00 155.00 198.00 OK --no-vignettes
r-oldrel-macos-x86_64 1.0-1 NOTE
r-oldrel-windows-ix86+x86_64 1.0-1 28.00 153.00 181.00 OK --no-vignettes

Check Details

Version: 1.0-1
Check: package dependencies
Result: NOTE
    Package suggested but not available for checking: 'INLA'
Flavors: r-devel-linux-x86_64-debian-clang, r-devel-linux-x86_64-debian-gcc, r-devel-windows-x86_64-gcc10-UCRT, r-patched-linux-x86_64, r-patched-solaris-x86, r-release-linux-x86_64, r-release-macos-arm64, r-release-macos-x86_64, r-oldrel-macos-x86_64

Version: 1.0-1
Check: data for non-ASCII characters
Result: NOTE
     Note: found 2 marked Latin-1 strings
Flavors: r-devel-linux-x86_64-fedora-clang, r-devel-linux-x86_64-fedora-gcc, r-devel-windows-x86_64-gcc10-UCRT, r-patched-solaris-x86, r-release-macos-arm64, r-release-macos-x86_64, r-oldrel-macos-x86_64