CRAN Package Check Results for Package DCD

Last updated on 2021-10-18 07:49:38 CEST.

Flavor Version Tinstall Tcheck Ttotal Status Flags
r-devel-linux-x86_64-debian-clang 0.1.0 25.81 243.51 269.32 NOTE
r-devel-linux-x86_64-debian-gcc 0.1.0 21.81 187.35 209.16 NOTE
r-devel-linux-x86_64-fedora-clang 0.1.0 336.47 NOTE
r-devel-linux-x86_64-fedora-gcc 0.1.0 320.63 NOTE
r-devel-windows-x86_64 0.1.0 41.00 277.00 318.00 ERROR
r-devel-windows-x86_64-gcc10-UCRT 0.1.0 NOTE
r-patched-linux-x86_64 0.1.0 26.28 235.93 262.21 NOTE
r-patched-solaris-x86 0.1.0 471.20 NOTE
r-release-linux-x86_64 0.1.0 25.02 235.38 260.40 NOTE
r-release-macos-arm64 0.1.0 NOTE
r-release-macos-x86_64 0.1.0 ERROR
r-release-windows-ix86+x86_64 0.1.0 65.00 274.00 339.00 ERROR
r-oldrel-macos-x86_64 0.1.0 OK
r-oldrel-windows-ix86+x86_64 0.1.0 52.00 225.00 277.00 ERROR

Check Details

Version: 0.1.0
Check: LazyData
Result: NOTE
     'LazyData' is specified without a 'data' directory
Flavors: r-devel-linux-x86_64-debian-clang, r-devel-linux-x86_64-debian-gcc, r-devel-linux-x86_64-fedora-clang, r-devel-linux-x86_64-fedora-gcc, r-devel-windows-x86_64, r-devel-windows-x86_64-gcc10-UCRT, r-patched-linux-x86_64, r-patched-solaris-x86, r-release-linux-x86_64, r-release-macos-arm64, r-release-windows-ix86+x86_64

Version: 0.1.0
Check: examples
Result: ERROR
    Running examples in 'DCD-Ex.R' failed
    The error most likely occurred in:
    
    > ### Name: DCD
    > ### Title: Differential Community Detection for Paired Biological Networks,
    > ### for e.g. case vs control
    > ### Aliases: DCD
    >
    > ### ** Examples
    >
    >
    > DCD_output <- DCD()
    ..connectivity..
    ..matrix multiplication (system BLAS)..
    ..normalization..
    ..done.
    ..connectivity..
    ..matrix multiplication (system BLAS)..
    ..normalization..
    ..done.
    > ## Not run:
    > ##D library(igraph)
    > ##D g_A <- sample_grg(200, 0.15, torus=FALSE, coords = FALSE)
    > ##D g_B <- permute(g_A,c(sample(20),21:200))
    > ##D ground_truth <- c(rep(1,20),rep(0,180))
    > ##D DCD_output2 <- DCD(g_A = g_A, g_B = g_B, method = "Spectral", mink = 7,
    > ##D ground_truth = ground_truth, plot_flag = 1, color = "red",
    > ##D iter = 1, cores = 1 )
    > ##D
    > ## End(Not run)
    >
    >
    >
    > cleanEx()
    Error: connections left open:
     <-CRANwin.fb05.statistik.uni-dortmund.de:11397 (sockconn)
    Execution halted
Flavor: r-devel-windows-x86_64

Version: 0.1.0
Check: package dependencies
Result: ERROR
    Package required but not available: ‘WGCNA’
    
    See section ‘The DESCRIPTION file’ in the ‘Writing R Extensions’
    manual.
Flavor: r-release-macos-x86_64

Version: 0.1.0
Check: examples
Result: ERROR
    Running examples in 'DCD-Ex.R' failed
    The error most likely occurred in:
    
    > ### Name: DCD
    > ### Title: Differential Community Detection for Paired Biological Networks,
    > ### for e.g. case vs control
    > ### Aliases: DCD
    >
    > ### ** Examples
    >
    >
    > DCD_output <- DCD()
    ..connectivity..
    ..matrix multiplication (system BLAS)..
    ..normalization..
    ..done.
    ..connectivity..
    ..matrix multiplication (system BLAS)..
    ..normalization..
    ..done.
    > ## Not run:
    > ##D library(igraph)
    > ##D g_A <- sample_grg(200, 0.15, torus=FALSE, coords = FALSE)
    > ##D g_B <- permute(g_A,c(sample(20),21:200))
    > ##D ground_truth <- c(rep(1,20),rep(0,180))
    > ##D DCD_output2 <- DCD(g_A = g_A, g_B = g_B, method = "Spectral", mink = 7,
    > ##D ground_truth = ground_truth, plot_flag = 1, color = "red",
    > ##D iter = 1, cores = 1 )
    > ##D
    > ## End(Not run)
    >
    >
    >
    > cleanEx()
    Error: connections left open:
     <-CRANwin.fb05.statistik.uni-dortmund.de:11662 (sockconn)
    Execution halted
Flavor: r-release-windows-ix86+x86_64

Version: 0.1.0
Check: examples
Result: ERROR
    Running examples in 'DCD-Ex.R' failed
    The error most likely occurred in:
    
    > ### Name: DCD
    > ### Title: Differential Community Detection for Paired Biological Networks,
    > ### for e.g. case vs control
    > ### Aliases: DCD
    >
    > ### ** Examples
    >
    >
    > DCD_output <- DCD()
    ..connectivity..
    ..matrix multiplication (system BLAS)..
    ..normalization..
    ..done.
    ..connectivity..
    ..matrix multiplication (system BLAS)..
    ..normalization..
    ..done.
    > ## Not run:
    > ##D library(igraph)
    > ##D g_A <- sample_grg(200, 0.15, torus=FALSE, coords = FALSE)
    > ##D g_B <- permute(g_A,c(sample(20),21:200))
    > ##D ground_truth <- c(rep(1,20),rep(0,180))
    > ##D DCD_output2 <- DCD(g_A = g_A, g_B = g_B, method = "Spectral", mink = 7,
    > ##D ground_truth = ground_truth, plot_flag = 1, color = "red",
    > ##D iter = 1, cores = 1 )
    > ##D
    > ## End(Not run)
    >
    >
    >
    > cleanEx()
    Error: connections left open:
     <-CRANwin.fb05.statistik.uni-dortmund.de:11142 (sockconn)
    Execution halted
Flavor: r-oldrel-windows-ix86+x86_64