CRAN Package Check Results for Package CovTools

Last updated on 2021-07-25 07:49:57 CEST.

Flavor Version Tinstall Tcheck Ttotal Status Flags
r-devel-linux-x86_64-debian-clang 0.5.3 78.62 92.37 170.99 NOTE
r-devel-linux-x86_64-debian-gcc 0.5.3 53.90 70.78 124.68 NOTE
r-devel-linux-x86_64-fedora-clang 0.5.3 231.24 NOTE
r-devel-linux-x86_64-fedora-gcc 0.5.3 230.75 NOTE
r-devel-windows-x86_64 0.5.3 73.00 109.00 182.00 NOTE
r-devel-windows-x86_64-gcc10-UCRT 0.5.3 NOTE
r-patched-linux-x86_64 0.5.3 61.66 95.36 157.02 NOTE
r-patched-solaris-x86 0.5.3 255.00 NOTE
r-release-linux-x86_64 0.5.3 62.11 88.06 150.17 NOTE
r-release-macos-arm64 0.5.3 NOTE
r-release-macos-x86_64 0.5.3 NOTE
r-release-windows-ix86+x86_64 0.5.3 186.00 189.00 375.00 NOTE
r-oldrel-macos-x86_64 0.5.3 OK
r-oldrel-windows-ix86+x86_64 0.5.3 191.00 191.00 382.00 OK

Check Details

Version: 0.5.3
Check: LazyData
Result: NOTE
     'LazyData' is specified without a 'data' directory
Flavors: r-devel-linux-x86_64-debian-clang, r-devel-linux-x86_64-debian-gcc, r-devel-linux-x86_64-fedora-clang, r-devel-linux-x86_64-fedora-gcc, r-devel-windows-x86_64, r-devel-windows-x86_64-gcc10-UCRT, r-patched-linux-x86_64, r-patched-solaris-x86, r-release-linux-x86_64, r-release-macos-arm64, r-release-macos-x86_64, r-release-windows-ix86+x86_64