CRAN Package Check Results for Package Countr

Last updated on 2021-10-27 07:56:03 CEST.

Flavor Version Tinstall Tcheck Ttotal Status Flags
r-devel-linux-x86_64-debian-clang 3.5.5 144.18 167.69 311.87 OK
r-devel-linux-x86_64-debian-gcc 3.5.5 112.20 124.14 236.34 OK
r-devel-linux-x86_64-fedora-clang 3.5.5 437.51 NOTE
r-devel-linux-x86_64-fedora-gcc 3.5.5 403.71 OK
r-devel-windows-x86_64 3.5.5 193.00 207.00 400.00 OK
r-devel-windows-x86_64-gcc10-UCRT 3.5.5 OK
r-patched-linux-x86_64 3.5.5 134.05 157.73 291.78 OK
r-patched-solaris-x86 3.5.5 458.20 OK
r-release-linux-x86_64 3.5.5 125.44 157.01 282.45 OK
r-release-macos-arm64 3.5.5 NOTE
r-release-macos-x86_64 3.5.5 NOTE
r-release-windows-ix86+x86_64 3.5.5 268.00 227.00 495.00 NOTE
r-oldrel-macos-x86_64 3.5.5 NOTE
r-oldrel-windows-ix86+x86_64 3.5.5 374.00 284.00 658.00 NOTE

Check Details

Version: 3.5.5
Check: installed package size
Result: NOTE
     installed size is 8.1Mb
     sub-directories of 1Mb or more:
     doc 2.0Mb
     libs 5.2Mb
Flavors: r-devel-linux-x86_64-fedora-clang, r-release-macos-arm64, r-release-macos-x86_64, r-release-windows-ix86+x86_64, r-oldrel-macos-x86_64, r-oldrel-windows-ix86+x86_64