CRAN Package Check Results for Package CornerstoneR

Last updated on 2021-07-30 07:50:06 CEST.

Flavor Version Tinstall Tcheck Ttotal Status Flags
r-devel-linux-x86_64-debian-clang 2.0.2 OK
r-devel-linux-x86_64-debian-gcc 2.0.2 3.62 51.68 55.30 OK
r-devel-linux-x86_64-fedora-clang 2.0.2 96.50 OK
r-devel-linux-x86_64-fedora-gcc 2.0.2 86.68 OK
r-devel-windows-x86_64 2.0.2 6.00 86.00 92.00 OK
r-devel-windows-x86_64-gcc10-UCRT 2.0.2 OK
r-patched-linux-x86_64 2.0.2 OK
r-patched-solaris-x86 2.0.2 124.50 OK
r-release-linux-x86_64 2.0.2 4.05 66.02 70.07 OK
r-release-macos-arm64 2.0.2 WARN
r-release-macos-x86_64 2.0.2 OK
r-release-windows-ix86+x86_64 2.0.2 9.00 89.00 98.00 OK
r-oldrel-macos-x86_64 2.0.2 OK
r-oldrel-windows-ix86+x86_64 2.0.2 7.00 94.00 101.00 OK

Check Details

Version: 2.0.2
Check: re-building of vignette outputs
Result: WARN
    Error(s) in re-building vignettes:
    --- re-building ‘fitFunction.Rmd’ using rmarkdown
    Warning in engine$weave(file, quiet = quiet, encoding = enc) :
     Pandoc (>= 1.12.3) not available. Falling back to R Markdown v1.
    Quitting from lines 30-39 (fitFunction.Rmd)
    Error: processing vignette 'fitFunction.Rmd' failed with diagnostics:
    polygon edge not found
    --- failed re-building ‘fitFunction.Rmd’
    
    --- re-building ‘matchNearestNeighbor.Rmd’ using rmarkdown
    Warning in engine$weave(file, quiet = quiet, encoding = enc) :
     Pandoc (>= 1.12.3) not available. Falling back to R Markdown v1.
    --- finished re-building ‘matchNearestNeighbor.Rmd’
    
    --- re-building ‘mosaicPlot.Rmd’ using rmarkdown
    Warning in engine$weave(file, quiet = quiet, encoding = enc) :
     Pandoc (>= 1.12.3) not available. Falling back to R Markdown v1.
    --- finished re-building ‘mosaicPlot.Rmd’
    
    --- re-building ‘randomForest.Rmd’ using rmarkdown
    Warning in engine$weave(file, quiet = quiet, encoding = enc) :
     Pandoc (>= 1.12.3) not available. Falling back to R Markdown v1.
    --- finished re-building ‘randomForest.Rmd’
    
    --- re-building ‘redirectDataset.Rmd’ using rmarkdown
    Warning in engine$weave(file, quiet = quiet, encoding = enc) :
     Pandoc (>= 1.12.3) not available. Falling back to R Markdown v1.
    --- finished re-building ‘redirectDataset.Rmd’
    
    --- re-building ‘reshape.Rmd’ using rmarkdown
    Warning in engine$weave(file, quiet = quiet, encoding = enc) :
     Pandoc (>= 1.12.3) not available. Falling back to R Markdown v1.
    --- finished re-building ‘reshape.Rmd’
    
    --- re-building ‘showVersions.Rmd’ using rmarkdown
    Warning in engine$weave(file, quiet = quiet, encoding = enc) :
     Pandoc (>= 1.12.3) not available. Falling back to R Markdown v1.
    --- finished re-building ‘showVersions.Rmd’
    
    SUMMARY: processing the following file failed:
     ‘fitFunction.Rmd’
    
    Error: Vignette re-building failed.
    Execution halted
Flavor: r-release-macos-arm64